at are the prime factors of 5*p/25 - -325?
2, 3
Suppose -15*y - 28 = -13. List the prime factors of (-24)/(-4) + 1067 + (-2)/y.
5, 43
Let c = -188 - -326. Suppose -f = -5*j - 0*f - c, -4*j - 4*f - 120 = 0. List the prime factors of ((-330)/(-35))/((-4)/j).
2, 3, 11
Let j(w) = 7*w - 17*w + 2*w + 18*w - 61 + 21*w**2. What are the prime factors of j(4)?
3, 5, 7
Suppose -4*r + 7664 = -11*v + 10*v, -3*v = 0. Let s = r - 793. List the prime factors of s.
1123
Suppose 555*i + 1005720 = 589*i. List the prime factors of i.
2, 3, 5, 17, 29
Suppose 26*a + 123 = -6371 + 57480. What are the prime factors of a?
37, 53
Suppose 5*i - 36*i = 11*i. Suppose i*g + 24*g - 19872 = 0. What are the prime factors of g?
2, 3, 23
Suppose 0 = -5*q + b + 38469, 73*q - 5*b = 78*q - 38505. List the prime factors of q.
3, 5, 19
Suppose 95*u - 84185 = 75415. List the prime factors of u.
2, 3, 5, 7
Suppose -727*a + 4336 = -726*a + 4*p, 5*a = 5*p + 21580. What are the prime factors of a?
2, 3, 5
Let x be ((-22)/(-10) - 1)/((-3)/(-10)). Let w = x + -4. Suppose w = -h + 4 + 1. What are the prime factors of h?
5
Suppose 3*s + 5*x + 332 = 4*s, -2*s + 4*x = -634. Let u = s - 166. List the prime factors of u.
3, 47
Suppose -40*c + 96003 = -128717. List the prime factors of c.
2, 53
Suppose -141*f + 2756947 = -259748. List the prime factors of f.
5, 11, 389
List the prime factors of 3974*-1*2/(-6 + (-7 - -11)).
2, 1987
Let b(c) = -c**2 - 23*c - 24. Let s be b(-22). Let d be (((-5)/1)/1)/(1 + s). Suppose -176 = -v - 0*v - 5*q, d*v - 817 = -4*q. List the prime factors of v.
7, 23
Let c = -6328 - -15481. What are the prime factors of c?
3, 113
Suppose -31 = -6*t - 7. Suppose -2*c + 1 = -3*w, 2*w + 5 = t*c - 9. Suppose -c*m - 25 + 155 = 0. List the prime factors of m.
2, 13
Let b(q) = q**2 - q - 10. Let l be b(4). Suppose 3*u - 135 = -2*u + p, -10 = -l*p. What are the prime factors of u?
2, 7
Let d(z) = -2*z**3 - 7*z**2 - 16*z - 6. Let p be d(-6). Suppose -3*k - p = -5*k. List the prime factors of k.
3, 5
What are the prime factors of 1240/465*2446*((-27)/(-6))/3?
2, 1223
Suppose 175 = 4*g + 51. Suppose -g*o = -35*o + 180. List the prime factors of o.
3, 5
Let i = 38325 + -22124. List the prime factors of i.
17, 953
Let v = 24387 - -18248. List the prime factors of v.
5, 8527
Suppose -282 + 464 = 14*s. Suppose 18*n - s*n = 7965. List the prime factors of n.
3, 59
Let s(z) = 60*z**2 + 2*z + 2. Let r be s(-4). Suppose 0 = -u - c, -c = -5*u + 9*c + 60. Suppose u*t + 5*t = r. What are the prime factors of t?
2, 53
Let p(o) = o**3 + 12*o**2 + 12*o - 22. Let c be p(-11). Suppose 2*r = 3*r - 1, -5*x - 2*r = 248. Let t = c - x. List the prime factors of t.
17
Let d = 434 - 1044. Let p = 58 - d. What are the prime factors of p?
2, 167
Suppose -7488 = -125*l + 116*l. What are the prime factors of l?
2, 13
Let h be (5 + 98/(-21))*-9. List the prime factors of (h/(-3) + -2)*(0 + -1151).
1151
Let n = 376 + -142. Suppose -3*z + 133 = k, 2*z - 248 = -4*k + n. List the prime factors of k.
2, 59
Let a(u) = -4*u**2 + 4*u - 4. Let l be a(1). Let w be (-1)/l + 84/48. Suppose -6*k + 105 = b - w*k, 4 = k. List the prime factors of b.
89
Let h = -5980 - -13099. What are the prime factors of h?
3, 7, 113
Suppose z + 18 = 4*z - 3*x, 3 = z + 2*x. Let k(s) = s + 5. Let f be k(z). Suppose -n + 32 = -f. List the prime factors of n.
2, 3, 7
Let w be (-3)/(((-2)/(-4))/1). Let l = -38 - -62. Let i = l - w. What are the prime factors of i?
2, 3, 5
Suppose 5*q + 3*j - 28949 = 0, -13148 = -4*q + j + 10018. Suppose -17*l = -q - 3746. List the prime factors of l.
3, 11, 17
Let w be 8/60 + (-6)/(360/(-138652)). Suppose -4*j + 3*h + 2772 = 421, 5*h - w = -4*j. What are the prime factors of j?
2, 73
Let f be 6*(1449/14)/9. Let h = 53 - 83. Let g = h + f. List the prime factors of g.
3, 13
Suppose 149*x = 151*x. Suppose 0 = -r - 5*y + 628, -4*y = -x*r + 4*r - 2560. List the prime factors of r.
643
Suppose -11*c + 42 = -8*c. Let m(l) = 723*l - 4 - 718*l + 3. List the prime factors of m(c).
3, 23
Let k be 2 + 5/((-25)/(-1130)). Let v = k - 123. List the prime factors of v.
3, 5, 7
Let p = -1434 - -3386. Suppose -2*i + 5*l + 758 = -560, 3*i = -5*l + p. List the prime factors of i.
2, 3, 109
Suppose -108 = -b - 3*i, 12*i - 7*i = 4*b - 415. Let m(y) = -y**3 - y**2 - 4*y + 3. Let r be m(-4). Let n = b - r. List the prime factors of n.
2, 19
Suppose -34 + 14 = 4*x. Let i be 9 - (-188)/(-20) - 27/x. Suppose c + 866 = i*m, 0 = -4*m + 4*c + 430 + 266. List the prime factors of m.
173
Suppose -15*m - 2802 = 7788. Let j = m + 1096. List the prime factors of j.
2, 3, 5, 13
What are the prime factors of (6 + (8288/10)/(-4))/((-7)/490)?
2, 7, 503
List the prime factors of -1 + 2566 - (-1 + (-7)/(-1)).
3, 853
Suppose 16*u + 30 = -98. What are the prime factors of (32088/u)/(-3) + 8?
5, 269
Suppose 559*v = 654*v - 1038920. What are the prime factors of v?
2, 1367
Suppose -n = -5, -2*o + 0*n = n - 539. Let f = o + -118. What are the prime factors of f?
149
Suppose -1134 = 2*d - 11*w + 15*w, -2841 = 5*d + 4*w. Let p = -314 - d. List the prime factors of p.
3, 5, 17
Let y be 460/32 - 12/32. What are the prime factors of y/(-28)*(1286/(-2) + 1)?
3, 107
Suppose 0 = -l - 3*v + 8295, -140*v + 139*v - 4 = 0. What are the prime factors of l?
3, 13, 71
Suppose 4 = l - 4*v - 15, v = 2*l - 10. Suppose 0 = 3*w + 12, 3*o - l*w - 1077 = -0*o. What are the prime factors of o?
5, 71
What are the prime factors of (3276/90 - -6)/((-4)/(-650))?
2, 5, 13, 53
Let y be (222/2)/((-21)/14). Let o = 79 + y. Suppose -3*z + 0*x + 315 = 2*x, 3*z + o*x - 324 = 0. What are the prime factors of z?
103
Suppose -5*v - 4095 = 5*x, -3*v + 4*v + 817 = -3*x. Let b be (-1)/4 - v/16. Suppose -54*u + b*u = -435. List the prime factors of u.
5, 29
Suppose 27*v - 2*x - 35248 = 23*v, 5*v - 5*x - 44045 = 0. What are the prime factors of v?
5, 41, 43
Suppose 2*a + 3*i - 38304 = 6809, i + 90191 = 4*a. What are the prime factors of a?
22549
What are the prime factors of (132892/108)/((-1)/(-12)) - (-14)/63?
2, 3, 23, 107
Let b(a) = 2040*a**2 - 2039*a**2 - 31*a - 4*a + 85. What are the prime factors of b(33)?
19
Let b be 28/6 + 2/(-3). Let r be 2*(-11)/b*(-8)/4. Suppose 1309 = r*f - 55. List the prime factors of f.
2, 31
Let f = 23204 + -15390. List the prime factors of f.
2, 3907
Suppose -3*r + 3*o = 900 - 1767, -r + 2*o = -282. List the prime factors of r.
2, 37
Suppose -3*q = -x - 7, 0*q + q + 4*x = 11. Suppose 22 = q*s + 8*s. List the prime factors of (-420)/(-2 - s) - 0.
3, 5, 7
Let z be -2 + 4 - (-1)/2*154. Let i = 82 - z. Suppose -3*a + 96 = 2*l, -i*l + 0*a + 144 = -2*a. List the prime factors of l.
2, 3
Let r = -112 + 54. Let z = 59 + r. What are the prime factors of 5 - z - 0 - -232?
2, 59
Suppose 0 = 5*h - 5*v - 45, 11*v = 3*h + 7*v - 31. Let z(d) = 2*d**3 - 2*d**2 - 7*d - 1. List the prime factors of z(h).
2, 41
Let y(f) = 8*f - 4. Let n be y(1). List the prime factors of ((-70)/15 - -4)/(n/(-2094)).
349
Let h(s) = 2*s**2 - s + 70. Let d be h(0). Let v = 72 - d. Suppose -v*x + 4*o = -266, 4*x + 4*o + 544 = 8*x. What are the prime factors of x?
139
Let k(l) = 64*l + 500. List the prime factors of k(64).
2, 3, 383
Let c(g) = -g**3 - 5*g**2 + 4*g - 8. Let l be c(-6). Suppose -4*q = l - 12. Suppose -140 = -q*a + 162. List the prime factors of a.
151
Suppose 3*m = 2 + 4. Let l = 774 - 770. Suppose 0 = -3*g - t - m*t + 210, 4*g = l*t + 288. What are the prime factors of g?
71
Let g be (-14)/(-4)*(-282)/329. Let w(y) = -70*y - 28. Let t(q) = 70*q + 27. Let b(o) = 4*t(o) + 5*w(o). List the prime factors of b(g).
2, 89
Suppose 5*i + 45065 = 4*p, 4*p - 4*i - 2386 - 42670 = 0. What are the prime factors of p?
5, 2251
Let s(a) = -4*a**2 + 15*a**2 + 4 + 10*a**2 - 3*a - 32 - 17*a**2. Let w(g) = -g**3 + g**2 + 3*g + 2. Let z be w(3). List the prime factors of s(z).
3, 7
Let y = -171 + 111. What are the prime factors of 224/(-3)*y/40?
2, 7
Let n(o) = 11*o**2 + 23*o + 114. What are the prime factors of n(29)?
2, 3, 11, 19
Let d be (6/15 - (-3)/5)*-103. Let u be d*2/6 + (-6)/(-18). Let l = 54 + u. List the prime factors of l.
2, 5
Let w be -1 + (-5 - (-1 - 3)). Let z(m) = -12*m**3 - m + 3. Let x(d) = 1. Let t(y) = -5*x(y) + z(y). What are the prime factors of t(w)?
2, 3
Let s(q) = -66*q**2 + 3*q